 945.
27
What is the highest common divisor of 864 and 528?
48
What is the greatest common factor of 171 and 9?
9
Calculate the highest common factor of 6 and 6.
6
Calculate the greatest common divisor of 22 and 1199.
11
Calculate the highest common factor of 1304 and 48.
8
What is the greatest common divisor of 231 and 7?
7
What is the highest common divisor of 63 and 3285?
9
Calculate the highest common divisor of 529 and 1081.
23
What is the greatest common divisor of 39780 and 65?
65
What is the highest common factor of 352 and 88?
88
Calculate the greatest common divisor of 242 and 2057.
121
Calculate the greatest common divisor of 7 and 224.
7
What is the highest common divisor of 1150 and 30?
10
What is the greatest common factor of 124 and 8?
4
Calculate the highest common divisor of 60 and 6.
6
What is the greatest common factor of 940 and 180?
20
Calculate the greatest common factor of 93 and 93.
93
What is the greatest common factor of 1534 and 338?
26
Calculate the highest common factor of 21 and 231.
21
What is the highest common factor of 118 and 5959?
59
What is the greatest common factor of 18 and 558?
18
Calculate the greatest common factor of 88 and 506.
22
Calculate the greatest common divisor of 120 and 20520.
120
Calculate the greatest common factor of 202 and 1111.
101
Calculate the greatest common divisor of 11298 and 42.
42
Calculate the greatest common factor of 375 and 3.
3
What is the highest common divisor of 738 and 6027?
123
Calculate the highest common factor of 2280 and 72.
24
What is the highest common factor of 46 and 598?
46
Calculate the greatest common divisor of 2403 and 27.
27
What is the highest common divisor of 18 and 1161?
9
Calculate the highest common divisor of 12 and 1086.
6
What is the highest common factor of 1344 and 320?
64
Calculate the greatest common divisor of 9 and 1251.
9
Calculate the highest common divisor of 18 and 2.
2
What is the greatest common factor of 66 and 4125?
33
What is the greatest common divisor of 6 and 48?
6
Calculate the highest common divisor of 192 and 426.
6
Calculate the greatest common factor of 22 and 24.
2
Calculate the highest common factor of 60 and 5355.
15
Calculate the highest common factor of 8 and 3208.
8
Calculate the greatest common factor of 19 and 817.
19
What is the greatest common factor of 155 and 4495?
155
What is the highest common factor of 34 and 2?
2
What is the greatest common divisor of 231 and 63?
21
Calculate the greatest common divisor of 95 and 38.
19
Calculate the highest common divisor of 84 and 1134.
42
What is the highest common factor of 414 and 18?
18
What is the greatest common factor of 1953 and 21?
21
What is the highest common factor of 8 and 632?
8
What is the highest common divisor of 135 and 90?
45
What is the greatest common factor of 36 and 144?
36
What is the highest common factor of 9 and 75?
3
What is the greatest common divisor of 28 and 2786?
14
What is the greatest common factor of 8 and 4?
4
What is the highest common factor of 32 and 24?
8
What is the highest common divisor of 168 and 14?
14
What is the highest common factor of 27 and 126?
9
What is the greatest common factor of 55 and 1045?
55
What is the greatest common factor of 135 and 5850?
45
Calculate the highest common divisor of 3 and 297.
3
What is the greatest common factor of 73 and 3869?
73
Calculate the greatest common divisor of 56 and 812.
28
Calculate the highest common divisor of 1604 and 4.
4
What is the greatest common divisor of 13919 and 186?
31
Calculate the greatest common factor of 81 and 1566.
27
Calculate the greatest common factor of 978 and 6.
6
What is the greatest common divisor of 18 and 8?
2
What is the highest common factor of 14 and 98?
14
Calculate the greatest common divisor of 174 and 290.
58
Calculate the highest common divisor of 608 and 18544.
304
What is the highest common factor of 117 and 36?
9
Calculate the highest common divisor of 355 and 10.
5
What is the greatest common factor of 42 and 114?
6
What is the greatest common divisor of 9800 and 28?
28
What is the greatest common factor of 2 and 8?
2
What is the highest common divisor of 435 and 45?
15
What is the highest common factor of 19 and 361?
19
Calculate the highest common factor of 322 and 552.
46
What is the greatest common factor of 627 and 132?
33
Calculate the highest common factor of 5 and 2195.
5
Calculate the greatest common factor of 50 and 130.
10
Calculate the highest common factor of 3916 and 267.
89
Calculate the highest common factor of 4087 and 134.
67
What is the greatest common divisor of 3834 and 497?
71
Calculate the highest common divisor of 2736 and 16.
16
Calculate the highest common factor of 730 and 70.
10
What is the greatest common factor of 12400 and 1395?
155
Calculate the greatest common factor of 126 and 133.
7
Calculate the highest common factor of 558 and 124.
62
What is the greatest common divisor of 381 and 8255?
127
Calculate the greatest common divisor of 160 and 128.
32
Calculate the highest common divisor of 14 and 49.
7
What is the greatest common divisor of 320 and 410?
10
What is the highest common divisor of 56 and 1414?
14
What is the highest common factor of 16384 and 64?
64
What is the greatest common factor of 5088 and 11130?
318
Calculate the highest common divisor of 112 and 8.
8
Calculate the highest common divisor of 4947 and 3783.
291
Calculate the highest common divisor of 150 and 1635.
15
What is the highest common factor of 32 and 72?
8
Calculate the highest common divisor of 4361 and 89.
89
Calculate the greatest common divisor of 10 and 55.
5
Calculate the greatest common factor of 2493 and 27.
9
What is the highest common divisor of 238 and 1778?
14
Calculate the highest common factor of 2096 and 1441.
131
Calculate the highest common factor of 3204 and 18.
18
What is the greatest common divisor of 8 and 24?
8
Calculate the greatest common factor of 275 and 187.
11
What is the highest common factor of 189 and 672?
21
What is the greatest common factor of 18 and 2718?
18
What is the greatest common factor of 9160 and 40?
40
Calculate the highest common divisor of 2030 and 29.
29
Calculate the highest common divisor of 5 and 59.
1
What is the highest common divisor of 60 and 170?
10
Calculate the highest common factor of 33 and 1221.
33
Calculate the greatest common factor of 8 and 88.
8
Calculate the greatest common factor of 396 and 288.
36
Calculate the highest common factor of 114 and 2318.
38
What is the highest common factor of 760 and 280?
40
What is the highest common divisor of 12 and 588?
12
Calculate the highest common divisor of 10931 and 17.
17
Calculate the greatest common factor of 33698 and 14.
14
Calculate the highest common factor of 13 and 7.
1
What is the highest common factor of 18 and 186?
6
What is the highest common divisor of 708 and 12?
12
Calculate the highest common factor of 1089 and 9.
9
Calculate the greatest common divisor of 1292 and 612.
68
Calculate the greatest common divisor of 205 and 88355.
205
Calculate the greatest common factor of 40 and 2260.
20
Calculate the highest common factor of 4 and 6700.
4
What is the greatest common factor of 33 and 1056?
33
What is the highest common factor of 10947 and 205?
41
What is the highest common divisor of 608 and 1539?
19
What is the highest common divisor of 11 and 275?
11
What is the highest common divisor of 1159 and 61?
61
What is the greatest common factor of 2121 and 147?
21
What is the highest common divisor of 91 and 26?
13
What is the greatest common factor of 44 and 22?
22
Calculate the greatest common divisor of 984 and 205.
41
Calculate the highest common divisor of 65 and 585.
65
Calculate the highest common factor of 50 and 150.
50
What is the highest common factor of 7 and 581?
7
Calculate the greatest common divisor of 144 and 8688.
48
What is the highest common divisor of 50 and 1775?
25
What is the greatest common divisor of 325 and 125?
25
Calculate the highest common factor of 98 and 1029.
49
What is the highest common factor of 68 and 1972?
68
What is the highest common factor of 204 and 714?
102
Calculate the greatest common divisor of 60 and 62.
2
What is the greatest common factor of 147 and 12?
3
Calc